vert 13002202301 (base 4) to base 13.
4c7c8a
What is -3002602 (base 8) in base 3?
-1111000201100
What is 11100111000101101001 (base 2) in base 14?
1a8d3b
-4513010 (base 6) to base 3
-102120000020
What is 22227557 (base 8) in base 15?
64b1b6
-11541543 (base 6) to base 7
-3103602
What is -1074 (base 10) in base 9?
-1423
Convert -47552 (base 12) to base 2.
-10111011001001110
5b2286 (base 12) to base 7
15355335
Convert 13768 (base 16) to base 7.
451264
Convert -422773 (base 8) to base 4.
-202113323
-1303330 (base 7) to base 12
-81b57
Convert -21022212211 (base 3) to base 5.
-14104011
106176 (base 16) to base 4
10012011312
What is -19664 (base 13) in base 6?
-1020502
-8293 (base 13) to base 10
-18034
Convert -1101000010100001 (base 2) to base 3.
-2201021010
What is 10ada5 (base 15) in base 11?
4a4223
Convert 12505042 (base 6) to base 14.
aa84a
Convert 313446 (base 8) to base 15.
20d3a
101013413 (base 5) to base 15
80a73
-2e316 (base 16) to base 14
-4cd4a
-18361775 (base 9) to base 15
-c2b69e
1101122220121 (base 3) to base 15
e99bd
What is -1362c4 (base 16) in base 13?
-356374
1045100 (base 8) to base 15
58487
Convert -5845520 (base 10) to base 7.
-100454222
Convert -5205a (base 14) to base 13.
-6bc69
260164 (base 8) to base 5
10341403
What is 87761 (base 14) in base 13?
b63a3
Convert -c3cb54 (base 13) to base 8.
-21334623
-2a1899 (base 11) to base 5
-110032134
-12411103234 (base 5) to base 7
-244213550
What is -13771623 (base 8) in base 13?
-8604c5
Convert 1011011001101100010010 (base 2) to base 5.
1231120233
What is -11000011000111111001 (base 2) in base 12?
-326621
-154503b (base 12) to base 3
-22010120100202
-2102120111 (base 4) to base 11
-37a517
What is -1334a (base 12) in base 16?
-672a
Convert 51634 (base 13) to base 4.
203222023
What is 1251b (base 14) in base 7?
244634
124011436 (base 7) to base 16
78528a
What is 987028 (base 10) in base 3?
1212010221121
What is 21400101 (base 7) in base 6?
103133313
Convert -13031153 (base 6) to base 3.
-210112201120
Convert 3b93699 (base 12) to base 14.
1816473
What is -11320003302 (base 4) in base 15?
-2065e3
47554 (base 10) to base 8
134702
Convert 1508886 (base 9) to base 8.
3133334
103320203132 (base 4) to base 7
62206310
Convert 25656120 (base 7) to base 13.
643a13
Convert -239526 (base 15) to base 12.
-6a1069
What is 3b704b (base 13) in base 11?
8a6576
What is -3829526 (base 10) in base 3?
-21012120010022
23001643 (base 7) to base 3
10202122110001
What is -521272 (base 9) in base 5?
-34344243
Convert a3963 (base 12) to base 11.
136799
What is -15101b (base 12) in base 16?
-567d7
Convert 2443162 (base 7) to base 16.
4c7a4
Convert 3a54b (base 14) to base 15.
2c8c5
-211001201 (base 3) to base 13
-7423
Convert -3087671 (base 10) to base 6.
-150102435
-210444 (base 6) to base 2
-100001001111100
What is -142547 (base 9) in base 3?
-11102121121
What is 10546134 (base 7) in base 13?
262596
What is 2000022231 (base 5) in base 6?
215431424
-4678a (base 16) to base 5
-33214100
29556 (base 15) to base 7
1062156
What is 1134254 (base 8) in base 7?
2426046
Convert 634ab (base 13) to base 10.
178774
8dac3 (base 16) to base 4
2031223003
-101000110211 (base 3) to base 11
-125161
6080357 (base 9) to base 3
20002200101221
-303647 (base 13) to base 9
-2088418
1a5982 (base 13) to base 8
2433513
What is -11020200030 (base 4) in base 11?
-839a26
-13131113 (base 5) to base 16
-1fc6e
-41362212 (base 7) to base 15
-48a546
Convert 466057 (base 8) to base 2.
100110110000101111
Convert -10100010 (base 6) to base 7.
-2305554
What is 209e6 (base 16) in base 5?
13233411
-1960490 (base 12) to base 3
-101001211121100
143332 (base 9) to base 2
10101011011001000
1001010010110000101101 (base 2) to base 11
1414344
-670864 (base 12) to base 7
-16635340
96367 (base 13) to base 6
5445451
Convert -4544366 (base 7) to base 11.
-357106
What is -cad4c (base 15) in base 2?
-10011101010010010111
Convert -9a371 (base 11) to base 10.
-145520
Convert -120300031 (base 4) to base 12.
-4a811
What is -1221012113 (base 4) in base 8?
-1510627
What is 5aae3 (base 16) in base 12?
15ab43
What is 736492a (base 11) in base 3?
220102100222102
Convert 23140100 (base 5) to base 9.
347342
Convert -14415 (base 10) to base 2.
-11100001001111
Convert 2001011122022 (base 3) to base 4.
10021013330
22486 (base 10) to base 3
1010211211
What is 1dac (base 16) in base 4?
1312230
17b89 (base 14) to base 3
10001011120
Convert 1110000000110110011010 (base 2) to base 4.
32000312122
-8458a (base 11) to base 6
-2350055
Convert 539af (base 16) to base 9.
571666
What is -2afa6 (base 16) in base 6?
-3434554
What is 920209 (base 16) in base 8?
44401011
What is -107570 (base 10) in base 16?
-1a432
-1240011121 (base 5) to base 12
-102b839
What is -11aa6 (base 16) in base 11?
-4a400
-5d502 (base 15) to base 3
-120010221202
What is 8e63 (base 15) in base 4?
13120203
Convert -1526d54 (base 14) to base 9.
-21360837
Convert -11a703 (base 13) to base 9.
-714231
27437 (base 10) to base 5
1334222
What is 157d8 (base 15) in base 9?
115025
Convert -41824a3 (base 12) to base 11.
-6a843aa
Convert 1444252 (base 8) to base 2.
1100100100010101010
Convert 422315521 (base 6) to base 4.
130032002221
What is -10123661 (base 7) in base 5?
-204042033
6a9b69 (base 13) to base 12
a23093
-4053054 (base 8) to base 2
-100000101011000101100
-13331042 (base 6) to base 9
-751588
947cb (base 13) to base 2
1000001001110110011
What is -2b9241 (base 12) in base 8?
-2650421
-1102111120212 (base 3) to base 11
-478433
What is -2200001022 (base 3) in base 14?
-151d9
-202034233 (base 5) to base 10
-814943
What is -143a6 (base 15) in base 5?
-4034311
-29435 (base 14) to base 7
-604265
112404222 (base 5) to base 2
1111101010000100110
678808 (base 11) to base 10
1080417
Convert -240140013 (base 5) to base 11.
-690a8a
What is -10001000010100101001 (base 2) in base 5?
-120332002
6411162 (base 8) to base 5
414134113
-653524 (base 8) to base 9
-363323
-78653 (base 12) to base 5
-20104103
3c8c4 (base 14) to base 6
3114020
What is -3412265 (base 7) in base 12?
-18503b
What is -882489 (base 11) in base 6?
-50110043
-2d357a (base 14) to base 2
-110000010110011111000
Convert -122100022 (base 4) to base 2.
-11010010000001010
10345142 (base 6) to base 9
521608
What is 1503818 (base 10) in base 4?
11233021022
53b0b9 (base 14) to base 5
1211202330
Convert 3e80c8 (base 16) to base 14.
788ada
What is 20100102202 (base 3) in base 11?
85995
-101110001010010110 (base 2) to base 7
-1415151
What is -85943 (base 13) in base 7?
-2022524
What is 4443400424 (base 5) in base 16?
94ba2d
Convert -11000100000001010 (base 2) to base 10.
-100362
What is -13145344 (base 6) in base 5?
-102342310
725723 (base 10) to base 4
2301023123
2646637 (base 10) to base 14
4cc737
Convert -23679 (base 10) to base 12.
-11853
What is 1034a0 (base 12) in base 9?
427353
527554 (base 8) to base 16
2af6c
28614 (base 10) to base 16
6fc6
5304752 (base 9) to base 10
2837882
43d06 (base 14) to base 12
7b202
15114121 (base 7) to base 11
899231
What is 536685 (base 9) in base 4?
1032011321
What is -3934698 (base 11) in base 14?
-c95462
What is 1100100101110000010111 (base 2) in base 16?
325c17
Convert -20000000110221 (base 3) to base 11.
-1888a37
What is -103043430 (base 5) in base 9?
-741213
-100001111010010011000001 (base 2) to base 5
-4233431122
-5a75b (base 15) to base 3
-112122210112
What is -421645 (base 8) in base 6?
-3001021
Convert 1010000011010101101011 (base 2) to base 9.
4855625
Convert 6a08d (base 16) to base 5.
102344232
Convert 10c02 (base 15) to base 4.
31001033
What is 653894 (base 10) in base 16?
9fa46
-3042443 (base 5) to base 8
-141124
Convert 131a55 (base 12) to base 7.
2446151
718607 (base 9) to base 2
1101000000011110101
Convert -2011111111002 (base 3) to base 7.
-12533660
26753 (base 11) to base 12
1a111
What is 4332201 (base 7) in base 11?
3314a4
What is -1507030 (base 8) in base 3?
-210211021211
What is -12665 (base 8) in base 15?
-19a7
Convert -12881765 (base 9) to base 4.
-120103223312
-30361123 (base 8) to base 10
-6414931
What is 1345560 (base 7) in base 8?
536734
347be9 (base 15) to base 8
11440300
331330443 (base 5) to base 10
1433248
Convert -3303b8 (base 13) to base 4.
-10211001130
What is -8dc6b (base 14) in base 4?
-1110111213
Convert -70